3
What is the ten thousands digit of 702658626?
5
What is the hundreds digit of 299181372?
3
What is the ten millions digit of 307617689?
0
What is the ten millions digit of 2399742579?
9
What is the hundred thousands digit of 14474705?
4
What is the millions digit of 159619939?
9
What is the millions digit of 150298118?
0
What is the millions digit of 2661337005?
1
What is the units digit of 72254226?
6
What is the hundred thousands digit of 4354541498?
5
What is the billions digit of 2485471688?
2
What is the hundred thousands digit of 867771996?
7
What is the ten millions digit of 28129855?
2
What is the ten thousands digit of 250945912?
4
What is the ten thousands digit of 1421228339?
2
What is the tens digit of 3423402971?
7
What is the millions digit of 118318018?
8
What is the units digit of 47234479?
9
What is the hundreds digit of 722920519?
5
What is the millions digit of 86796674?
6
What is the hundreds digit of 24931373?
3
What is the hundreds digit of 379294749?
7
What is the ten thousands digit of 1671610662?
1
What is the thousands digit of 2312546176?
6
What is the thousands digit of 6905561804?
1
What is the thousands digit of 46645370?
5
What is the hundreds digit of 2499781540?
5
What is the tens digit of 144072157?
5
What is the thousands digit of 296743724?
3
What is the tens digit of 10470884?
8
What is the thousands digit of 96903840?
3
What is the ten millions digit of 1045462851?
4
What is the hundred thousands digit of 6977228038?
2
What is the thousands digit of 433354040?
4
What is the units digit of 36043375?
5
What is the ten thousands digit of 88024021?
2
What is the hundred millions digit of 258742037?
2
What is the units digit of 988422268?
8
What is the ten thousands digit of 30445854?
4
What is the millions digit of 138442526?
8
What is the thousands digit of 354710195?
0
What is the hundred millions digit of 1534942414?
5
What is the units digit of 243080994?
4
What is the thousands digit of 43344536?
4
What is the tens digit of 509417675?
7
What is the hundreds digit of 1052990060?
0
What is the units digit of 82822750?
0
What is the hundred thousands digit of 91979320?
9
What is the ten millions digit of 1790395213?
9
What is the hundreds digit of 1279000138?
1
What is the tens digit of 271710546?
4
What is the hundreds digit of 82778859?
8
What is the hundred millions digit of 1447779078?
4
What is the millions digit of 111175056?
1
What is the hundred thousands digit of 373313278?
3
What is the tens digit of 238371?
7
What is the ten thousands digit of 62121053?
2
What is the hundred thousands digit of 296121855?
1
What is the ten millions digit of 3565477678?
6
What is the millions digit of 9241677?
9
What is the units digit of 3603383929?
9
What is the thousands digit of 7177377237?
7
What is the units digit of 300639295?
5
What is the ten thousands digit of 430724360?
2
What is the ten millions digit of 66398389?
6
What is the hundreds digit of 286309667?
6
What is the hundred millions digit of 219389856?
2
What is the hundred millions digit of 2557504111?
5
What is the ten thousands digit of 287355019?
5
What is the tens digit of 6010668538?
3
What is the hundred thousands digit of 403870158?
8
What is the tens digit of 18365471?
7
What is the hundred millions digit of 146928231?
1
What is the units digit of 62148946?
6
What is the hundred millions digit of 2509729601?
5
What is the tens digit of 1484187869?
6
What is the millions digit of 50443547?
0
What is the billions digit of 3805084728?
3
What is the tens digit of 859251301?
0
What is the thousands digit of 2939068?
9
What is the ten thousands digit of 69675011?
7
What is the hundred millions digit of 343296569?
3
What is the ten thousands digit of 46837732?
3
What is the ten thousands digit of 80969311?
6
What is the hundred thousands digit of 865489991?
4
What is the units digit of 171350508?
8
What is the units digit of 352632128?
8
What is the tens digit of 224457685?
8
What is the hundreds digit of 13480869?
8
What is the millions digit of 3392638654?
2
What is the ten thousands digit of 47480907?
8
What is the tens digit of 163444610?
1
What is the units digit of 7073082431?
1
What is the hundred thousands digit of 87243445?
2
What is the ten millions digit of 348264137?
4
What is the hundreds digit of 450780486?
4
What is the thousands digit of 1380791777?
1
What is the units digit of 44055660?
0
What is the thousands digit of 75962880?
2
What is the hundred millions digit of 511414400?
5
What is the ten millions digit of 11208256?
1
What is the tens digit of 59819215?
1
What is the thousands digit of 473442785?
2
What is the billions digit of 2449086222?
2
What is the ten thousands digit of 608600693?
0
What is the ten thousands digit of 1739574341?
7
What is the ten millions digit of 1261111116?
6
What is the hundreds digit of 437839559?
5
What is the thousands digit of 1997415090?
5
What is the hundred millions digit of 1779212301?
7
What is the ten thousands digit of 3603026284?
2
What is the billions digit of 1653805950?
1
What is the tens digit of 59187074?
7
What is the tens digit of 480760408?
0
What is the ten thousands digit of 1839583658?
8
What is the tens digit of 17903194?
9
What is the ten thousands digit of 160497426?
9
What is the ten millions digit of 5095384826?
9
What is the units digit of 3268592?
2
What is the ten millions digit of 40893612?
4
What is the thousands digit of 206007369?
7
What is the billions digit of 2400196661?
2
What is the ten thousands digit of 5228089627?
8
What is the thousands digit of 179008133?
8
What is the millions digit of 91491099?
1
What is the thousands digit of 449291358?
1
What is the millions digit of 294585261?
4
What is the ten millions digit of 5369734375?
6
What is the ten thousands digit of 20831946?
3
What is the units digit of 157948373?
3
What is the units digit of 1327239407?
7
What is the ten thousands digit of 49219898?
1
What is the billions digit of 3008807789?
3
What is the units digit of 69390682?
2
What is the hundred thousands digit of 353146632?
1
What is the hundreds digit of 520900944?
9
What is the thousands digit of 41194958?
4
What is the thousands digit of 42404986?
4
What is the millions digit of 169603598?
9
What is the hundred millions digit of 381552288?
3
What is the millions digit of 12320437?
2
What is the hundreds digit of 107451218?
2
What is the tens digit of 4348193925?
2
What is the units digit of 95940657?
7
What is the hundreds digit of 145829832?
8
What is the hundreds digit of 73868008?
0
What is the hundreds digit of 35999063?
0
What is the hundred thousands digit of 1843316711?
3
What is the thousands digit of 71423609?
3
What is the ten millions digit of 340329760?
4
What is the hundred thousands digit of 906124381?
1
What is the thousands digit of 1980942379?
2
What is the ten millions digit of 196545486?
9
What is the ten millions digit of 266933985?
6
What is the units digit of 976012661?
1
What is the millions digit of 70445820?
0
What is the hundred thousands digit of 9953557?
9
What is the tens digit of 1634102432?
3
What is the thousands digit of 747838381?
8
What is the ten thousands digit of 458175336?
7
What is the hundred thousands digit of 45377360?
3
What is the hundreds digit of 136422921?
9
What is the units digit of 204440916?
6
What is the hundreds digit of 1306933347?
3
What is the ten millions digit of 504044618?
0
What is the hundred thousands digit of 255073904?
0
What is the thousands digit of 200390060?
0
What is the ten millions digit of 207025842?
0
What is the millions digit of 387528036?
7
What is the ten millions digit of 219816636?
1
What is the thousands digit of 120417703?
7
What is the tens digit of 68731270?
7
What is the hundred thousands digit of 127081929?
0
What is the hundreds digit of 46628170?
1
What is the millions digit of 41538323?
1
What is the millions digit of 437605911?
7
What is the hundred millions digit of 584902158?
5
What is the millions digit of 115853711?
5
What is the thousands digit of 32447024?
7
What is the tens digit of 9898812?
1
What is the hundred thousands digit of 409120075?
1
What is the hundred thousands digit of 20587000?
5
What is the ten millions digit of 1657352791?
